{"id":43,"date":"2022-09-16T16:15:46","date_gmt":"2022-09-16T16:15:46","guid":{"rendered":"https:\/\/lap-office.de\/?page_id=43"},"modified":"2022-09-18T09:09:56","modified_gmt":"2022-09-18T09:09:56","slug":"dienstleistungen","status":"publish","type":"page","link":"https:\/\/lap-office.de\/?page_id=43","title":{"rendered":"Dienstleistungen"},"content":{"rendered":"\n<p class=\"has-text-align-center has-text-color has-x-large-font-size\" style=\"color:#0000ff\"><strong>DIENSTLEISTUNGEN<\/strong><\/p>\n\n\n\n<p class=\"has-text-align-center\">Unsere T\u00e4tigkeit umfasst die folgenden Dienstleistungen, die sich an Unternehmer richten und sowohl in deutscher als auch in rum\u00e4nischer Sprache angeboten werden k\u00f6nnen:<\/p>\n\n\n\n<p class=\"has-text-align-center has-text-color\" style=\"color:#0000ff\"><strong>BUCHF\u00dcHRUNGSHILFE<\/strong><\/p>\n\n\n\n<p class=\"has-text-align-center\">Die Buchf\u00fchrungshilfe besteht in:<\/p>\n\n\n\n<ul class=\"has-text-color wp-block-list\" style=\"color:#0000ff\"><li><strong>Schreib- und Rechenarbeiten<\/strong><\/li><li><strong>Erstellen von Angeboten<\/strong><\/li><li><strong>Erstellen von Auftragsbest\u00e4tigungen<\/strong><\/li><li><strong>Ausstellen von Rechnungen<\/strong><\/li><li><strong>Einholen von Angeboten<\/strong><\/li><li><strong>Sortieren von Buchhaltungsunterlagen f\u00fcr den externen Steuerberater<\/strong><\/li><li><strong>\u00dcbertragung von Daten in das Kassenbuch<\/strong><\/li><li><strong>Erfassung von Daten nach kontierten Buchhaltungsunterlagen (z. B.: Kassenbuch, Kontoausz\u00fcgen etc.)<\/strong><\/li><li><strong>Erfassen von Daten nach verbindlichen Buchungsanweisungen<\/strong><\/li><li><strong>Zusammenstellung von Daten und Einreichung der Auswertungen<\/strong><\/li><li><strong>Zusammenarbeit mit Ihrem externen Steuerberater<\/strong><\/li><li><strong>Archivieren von Gesch\u00e4ftsunterlagen<\/strong>.<\/li><\/ul>\n","protected":false},"excerpt":{"rendered":"<p>DIENSTLEISTUNGEN Unsere T\u00e4tigkeit umfasst die folgenden Dienstleistungen, die sich an Unternehmer richten und sowohl in deutscher als auch in rum\u00e4nischer Sprache angeboten werden k\u00f6nnen: BUCHF\u00dcHRUNGSHILFE Die Buchf\u00fchrungshilfe besteht in: Schreib- und Rechenarbeiten Erstellen von Angeboten Erstellen von Auftragsbest\u00e4tigungen Ausstellen von Rechnungen Einholen von Angeboten Sortieren von Buchhaltungsunterlagen f\u00fcr den externen Steuerberater \u00dcbertragung von Daten in [&hellip;]<\/p>\n","protected":false},"author":2,"featured_media":0,"parent":0,"menu_order":0,"comment_status":"closed","ping_status":"closed","template":"wp-custom-template-neu","meta":{"footnotes":""},"class_list":["post-43","page","type-page","status-publish","hentry"],"_links":{"self":[{"href":"https:\/\/lap-office.de\/index.php?rest_route=\/wp\/v2\/pages\/43","targetHints":{"allow":["GET"]}}],"collection":[{"href":"https:\/\/lap-office.de\/index.php?rest_route=\/wp\/v2\/pages"}],"about":[{"href":"https:\/\/lap-office.de\/index.php?rest_route=\/wp\/v2\/types\/page"}],"author":[{"embeddable":true,"href":"https:\/\/lap-office.de\/index.php?rest_route=\/wp\/v2\/users\/2"}],"replies":[{"embeddable":true,"href":"https:\/\/lap-office.de\/index.php?rest_route=%2Fwp%2Fv2%2Fcomments&post=43"}],"version-history":[{"count":6,"href":"https:\/\/lap-office.de\/index.php?rest_route=\/wp\/v2\/pages\/43\/revisions"}],"predecessor-version":[{"id":263,"href":"https:\/\/lap-office.de\/index.php?rest_route=\/wp\/v2\/pages\/43\/revisions\/263"}],"wp:attachment":[{"href":"https:\/\/lap-office.de\/index.php?rest_route=%2Fwp%2Fv2%2Fmedia&parent=43"}],"curies":[{"name":"wp","href":"https:\/\/api.w.org\/{rel}","templated":true}]}}